ase 2?
100
What is -1 (base 3) in base 6?
-1
Convert -5 (base 12) to base 7.
-5
Convert -65 (base 9) to base 12.
-4b
What is 4 (base 5) in base 16?
4
Convert 33 (base 14) to base 3.
1200
Convert -3 (base 15) to base 11.
-3
Convert 17 (base 10) to base 5.
32
-1101 (base 2) to base 13
-10
-61 (base 8) to base 3
-1211
-1000111 (base 2) to base 3
-2122
Convert -1 (base 11) to base 7.
-1
Convert 11 (base 7) to base 9.
8
What is -24 (base 16) in base 9?
-40
-7a (base 16) to base 7
-233
Convert 166 (base 7) to base 16.
61
1 (base 14) to base 4
1
What is -45 (base 10) in base 4?
-231
-2 (base 3) to base 4
-2
What is -1001 (base 2) in base 3?
-100
0 (base 9) to base 6
0
What is -1 (base 15) in base 11?
-1
-20 (base 3) to base 8
-6
Convert -61 (base 13) to base 7.
-142
What is 212 (base 3) in base 12?
1b
What is -113 (base 7) in base 9?
-65
21 (base 9) to base 2
10011
Convert b (base 12) to base 11.
10
Convert -143 (base 5) to base 15.
-33
Convert 1 (base 2) to base 7.
1
-100111010 (base 2) to base 15
-15e
Convert 2 (base 7) to base 5.
2
Convert -203 (base 4) to base 7.
-50
1122 (base 4) to base 15
60
Convert -2 (base 13) to base 9.
-2
Convert -55 (base 13) to base 10.
-70
Convert -11332 (base 4) to base 9.
-464
124 (base 9) to base 10
103
Convert 22 (base 7) to base 3.
121
4 (base 15) to base 5
4
-23 (base 13) to base 8
-35
-45 (base 14) to base 9
-67
1000 (base 2) to base 3
22
What is -2 (base 4) in base 6?
-2
What is 126 (base 8) in base 14?
62
What is 3 (base 7) in base 3?
10
What is 13 (base 7) in base 11?
a
Convert 7 (base 12) to base 11.
7
What is -3 (base 7) in base 5?
-3
Convert 7 (base 16) to base 6.
11
-3e (base 16) to base 8
-76
What is -10323 (base 4) in base 14?
-187
-1 (base 11) to base 12
-1
1100 (base 2) to base 11
11
What is -31 (base 16) in base 4?
-301
4 (base 13) to base 3
11
-37 (base 16) to base 14
-3d
Convert 105 (base 11) to base 4.
1332
200 (base 6) to base 4
1020
3 (base 5) to base 6
3
What is 25 (base 9) in base 15?
18
Convert -6 (base 13) to base 6.
-10
7 (base 8) to base 12
7
What is -3 (base 12) in base 6?
-3
Convert 1111000 (base 2) to base 16.
78
-7 (base 12) to base 5
-12
What is 13 (base 4) in base 15?
7
What is -110 (base 5) in base 7?
-42
12 (base 13) to base 15
10
2 (base 11) to base 2
10
What is -11 (base 4) in base 10?
-5
-6 (base 12) to base 11
-6
Convert 1421 (base 5) to base 15.
10b
Convert -21 (base 3) to base 9.
-7
-8 (base 16) to base 6
-12
What is 47 (base 9) in base 5?
133
-4 (base 13) to base 7
-4
-1001 (base 2) to base 11
-9
What is -130 (base 10) in base 14?
-94
What is 11010011 (base 2) in base 4?
3103
Convert -21 (base 14) to base 8.
-35
Convert -3 (base 4) to base 3.
-10
-110 (base 2) to base 14
-6
What is -5d (base 14) in base 9?
-102
What is 1 (base 10) in base 4?
1
Convert -14 (base 7) to base 2.
-1011
Convert 10010001 (base 2) to base 4.
2101
What is -3 (base 15) in base 3?
-10
Convert 10100 (base 2) to base 16.
14
Convert 2021 (base 4) to base 5.
1022
101011111 (base 2) to base 10
351
-36 (base 13) to base 7
-63
51 (base 8) to base 9
45
-30 (base 5) to base 6
-23
Convert -88 (base 9) to base 5.
-310
What is -15 (base 11) in base 13?
-13
9 (base 15) to base 11
9
Convert 11 (base 12) to base 10.
13
What is 122 (base 8) in base 3?
10001
What is 8 (base 14) in base 2?
1000
Convert 34 (base 12) to base 13.
31
Convert -1 (base 10) to base 15.
-1
What is 2 (base 12) in base 3?
2
Convert -26 (base 12) to base 3.
-1010
Convert 10 (base 7) to base 10.
7
Convert 4 (base 9) to base 8.
4
-1 (base 4) to base 12
-1
Convert 133 (base 5) to base 2.
101011
-6 (base 15) to base 14
-6
What is 1046 (base 7) in base 3?
111222
What is 2012 (base 3) in base 9?
65
What is -188 (base 11) in base 4?
-3121
Convert -1 (base 10) to base 8.
-1
Convert 133 (base 4) to base 15.
21
2 (base 10) to base 3
2
Convert -4 (base 9) to base 4.
-10
Convert -6c (base 14) to base 5.
-341
What is -42 (base 8) in base 7?
-46
Convert -42 (base 5) to base 2.
-10110
What is 2 (base 5) in base 8?
2
What is 10 (base 2) in base 5?
2
Convert 0 (base 7) to base 10.
0
-3 (base 13) to base 11
-3
7 (base 9) to base 12
7
What is 93 (base 10) in base 4?
1131
What is 32 (base 15) in base 13?
38
2 (base 15) to base 10
2
Convert 3 (base 12) to base 11.
3
Convert 67 (base 10) to base 5.
232
-18 (base 11) to base 8
-23
Convert -1b (base 16) to base 14.
-1d
What is -6 (base 8) in base 6?
-10
Convert -12122 (base 3) to base 8.
-230
Convert 3 (base 5) to base 15.
3
0 (base 7) to base 10
0
-2 (base 4) to base 16
-2
Convert 13 (base 9) to base 3.
110
-3 (base 16) to base 3
-10
What is -3 (base 15) in base 5?
-3
10 (base 3) to base 12
3
What is -10 (base 3) in base 8?
-3
-21 (base 4) to base 9
-10
-6 (base 11) to base 10
-6
-7 (base 15) to base 8
-7
Convert 2a (base 12) to base 11.
31
3 (base 11) to base 3
10
15 (base 7) to base 13
c
Convert 62 (base 7) to base 3.
1122
What is -4 (base 15) in base 14?
-4
What is 3 (base 12) in base 10?
3
What is -9 (base 16) in base 5?
-14
What is -20 (base 8) in base 4?
-100
What is 9 (base 11) in base 6?
13
What is -285 (base 11) in base 10?
-335
Convert -22 (base 6) to base 9.
-15
What is -152 (base 6) in base 4?
-1010
What is b (base 14) in base 12?
b
96 (base 16) to base 7
303
Convert -4 (base 16) to base 8.
-4
What is 22 (base 11) in base 9?
26
What is 121 (base 3) in base 9?
17
Convert -1033 (base 4) to base 12.
-67
10c (base 14) to base 12
154
What is 342 (base 6) in base 16?
86
4a (base 16) to base 6
202
Convert 1 (base 5) to base 3.
1
What is 104 (base 6) in base 2?
101000
21 (base 11) to base 13
1a
What is -2012 (base 3) in base 15?
-3e
3 (base 8) to base 16
3
1b8 (base 12) to base 15
13e
What is -12 (base 3) in base 10?
-5
What is -6 (base 7) in base 11?
-6
What is -2 (base 13) in base 2?
-10
What is 3b (base 14) in base 4?
311
What is -254 (base 7) in base 12?
-b5
7 (base 11) to base 14
7
-4 (base 16) to base 8
-4
What is 2200 (base 4) in base 2?
10100000
Convert 26 (base 13) to base 9.
35
What is -224 (base 9) in base 12?
-134
8 (base 15) to base 2
1000
11000011 (base 2) to base 6
523
3 (base 14) to base 11
3
Convert -1 (base 5) to base 9.
-1
8b (base 16) to base 8
213
1 (base 8) to base 6
1
-100101 (base 2) to base 5
-122
Convert -15 (base 10) to base 12.
-13
What is 0 (base 3) in base 15?
0
Convert -22 (base 5) to base 12.
-10
What is 3 (base 11) in base 6?
3
Convert 1 (base 11) to base 2.
1
What is -41 (base 7) in base 10?
-29
What is -12 (base 9) in base 5?
-21
What is 323 (base 7) in base 2?
10100100
What is -12 (base 6) in base 7?
-11
What is 24 (base 12) in base 16?
1c
Convert -101110 (base 2) to base 13.
-37
3 (base 7) to base 6
3
What is 3 (base 10) in base 4?
3
What is -14 (base 11) in base 4?
-33
What is -4 (base 14) in base 13?
-4
What is -3 (base 4) in base 11?
-3
What is 0 (base 15) in base 14?
0
Convert 3 (base 6) to base 3.
10
What is 2 (base 11) in base 7?
2
-6a (base 13) to base 9
-107
Convert -6 (base 13) to base 15.
-6
Convert -2a (base 12) to base 14.
-26
What is -2 (base 16) in base 2?
-10
-21 (base 4) to base 9
-10
What is -221 (base 3) in base 6?
-41
-4 (base 16) to base 12
-4
What is 0 (base 7) in base 4?
0
-12 (base 8) to base 2
-1010
-1 (base 2) to base 16
-1
What is 0 (base 7) in base 8?
0
Convert 44 (base 5) to base 6.
40
Convert 33 (base 4) to base 9.
16
-4 (base 5) to base 16
-4
9 (base 16) to base 2
1001
Convert 1 (base 9) to base 16.
1
What is 1110 (base 3) in base 6?
103
174 (base 10) to base 16
ae
What is 10 (base 5) in base 6?
5
0 (base 14) to base 11
0
Convert 2 (base 8) to base 7.
2
What is 27 (base 13) in base 12?
29
Convert 6 (base 15) to base 11.
6
59 (base 15) to base 3
10010
-111 (base 3) to base 13
-10
What is -27 (base 9) in base 12?
-21
Convert ef (base 16) to base 3.
22212
-6 (base 12) to base 3
-20
Convert 12 (base 5) to base 6.
11
-7c (base 16) to base 8
-174
-1 (base 13) to base 11
-1
What is 5 (base 11) in base 13?
5
Convert 14 (base 12) to base 6.
24
What is -2 (base 8) in base 9?
-2
What is 12 (base 8) in base 6?
14
What is 161 (base 13) in base 2?
11111000
What is -1b (base 14) in base 7?
-34
What is -51 (base 14) in base 12?
-5b
1111 (base 2) to base 3
120
-52 (base 9) to base 5
-142
3 (base 7) to base 15
3
Convert -1 (base 5) to base 3.
-1
What is 14 (base 5